ulate the remainder when 2929 is divided by 129.
91
Calculate the remainder when 6489 is divided by 115.
49
What is the remainder when 177353 is divided by 43?
21
Calculate the remainder when 90142 is divided by 14.
10
What is the remainder when 76886 is divided by 14?
12
Calculate the remainder when 3109 is divided by 112.
85
What is the remainder when 41007 is divided by 86?
71
Calculate the remainder when 17811 is divided by 1174.
201
What is the remainder when 1203511 is divided by 993?
988
What is the remainder when 45626 is divided by 2086?
1820
What is the remainder when 8793 is divided by 1754?
23
What is the remainder when 10130 is divided by 3197?
539
What is the remainder when 81089 is divided by 33?
8
Calculate the remainder when 1801 is divided by 709.
383
Calculate the remainder when 22910 is divided by 3817.
8
Calculate the remainder when 2757 is divided by 81.
3
What is the remainder when 32691 is divided by 12?
3
Calculate the remainder when 939 is divided by 144.
75
What is the remainder when 1330516 is divided by 1480?
1476
What is the remainder when 4872 is divided by 16?
8
Calculate the remainder when 10894 is divided by 516.
58
What is the remainder when 10296 is divided by 686?
6
What is the remainder when 116 is divided by 78?
38
What is the remainder when 136981 is divided by 354?
337
Calculate the remainder when 178184 is divided by 360.
344
What is the remainder when 141369 is divided by 456?
9
What is the remainder when 280334 is divided by 4918?
8
What is the remainder when 48549 is divided by 14?
11
Calculate the remainder when 89868 is divided by 96.
12
Calculate the remainder when 114624 is divided by 57.
54
What is the remainder when 39025 is divided by 87?
49
What is the remainder when 14319 is divided by 7116?
87
What is the remainder when 34379 is divided by 20?
19
Calculate the remainder when 29487 is divided by 404.
399
What is the remainder when 2483 is divided by 19?
13
Calculate the remainder when 118468 is divided by 795.
13
What is the remainder when 4962 is divided by 113?
103
What is the remainder when 3017 is divided by 40?
17
What is the remainder when 395364 is divided by 80?
4
What is the remainder when 75013 is divided by 607?
352
Calculate the remainder when 788384 is divided by 195.
194
Calculate the remainder when 1159 is divided by 300.
259
What is the remainder when 279793 is divided by 417?
403
What is the remainder when 294562 is divided by 1083?
1069
What is the remainder when 3224 is divided by 1278?
668
What is the remainder when 4321 is divided by 2070?
181
What is the remainder when 10194 is divided by 50?
44
What is the remainder when 27478 is divided by 156?
22
What is the remainder when 9988 is divided by 137?
124
What is the remainder when 38859 is divided by 54?
33
Calculate the remainder when 5238 is divided by 61.
53
Calculate the remainder when 398991 is divided by 1140.
1131
Calculate the remainder when 3479 is divided by 474.
161
What is the remainder when 145373 is divided by 20?
13
What is the remainder when 609435 is divided by 65?
60
What is the remainder when 5284 is divided by 590?
564
Calculate the remainder when 105603 is divided by 88.
3
What is the remainder when 14591 is divided by 14582?
9
Calculate the remainder when 62246 is divided by 3.
2
Calculate the remainder when 3658 is divided by 647.
423
What is the remainder when 2564859 is divided by 43?
38
Calculate the remainder when 59603 is divided by 6607.
140
Calculate the remainder when 40476 is divided by 1065.
6
What is the remainder when 31939 is divided by 146?
111
Calculate the remainder when 20401 is divided by 10199.
3
Calculate the remainder when 12033 is divided by 354.
351
Calculate the remainder when 2509 is divided by 139.
7
What is the remainder when 26471 is divided by 148?
127
What is the remainder when 14841 is divided by 1114?
359
What is the remainder when 150880 is divided by 1622?
34
Calculate the remainder when 102970 is divided by 29.
20
Calculate the remainder when 10115 is divided by 184.
179
Calculate the remainder when 9358 is divided by 850.
8
Calculate the remainder when 3890 is divided by 388.
10
Calculate the remainder when 5889 is divided by 196.
9
Calculate the remainder when 27013 is divided by 85.
68
Calculate the remainder when 2303 is divided by 33.
26
What is the remainder when 4434438 is divided by 1879?
1877
What is the remainder when 335901 is divided by 136?
117
What is the remainder when 661 is divided by 322?
17
What is the remainder when 4859 is divided by 2417?
25
What is the remainder when 1449932 is divided by 724961?
10
What is the remainder when 498633 is divided by 41?
32
What is the remainder when 6212 is divided by 2242?
1728
What is the remainder when 4577 is divided by 761?
11
What is the remainder when 15504 is divided by 397?
21
Calculate the remainder when 13008577 is divided by 26.
23
Calculate the remainder when 18165 is divided by 3632.
5
What is the remainder when 27661 is divided by 2579?
1871
What is the remainder when 10940 is divided by 3639?
23
Calculate the remainder when 606719 is divided by 1920.
1919
Calculate the remainder when 170839 is divided by 11.
9
Calculate the remainder when 1022 is divided by 438.
146
Calculate the remainder when 1749 is divided by 52.
33
Calculate the remainder when 289466 is divided by 23.
11
What is the remainder when 3929516 is divided by 657?
656
What is the remainder when 19228 is divided by 2745?
13
Calculate the remainder when 1280 is divided by 646.
634
Calculate the remainder when 26349 is divided by 674.
63
Calculate the remainder when 203386 is divided by 12711.
10
What is the remainder when 1134 is divided by 305?
219
What is the remainder when 718 is divided by 275?
168
Calculate the remainder when 8882 is divided by 181.
13
Calculate the remainder when 270741 is divided by 83.
78
Calculate the remainder when 202186 is divided by 151.
148
What is the remainder when 41720 is divided by 41707?
13
What is the remainder when 54749 is divided by 1609?
43
What is the remainder when 11123 is divided by 10771?
352
Calculate the remainder when 19081 is divided by 9468.
145
What is the remainder when 3856 is divided by 162?
130
Calculate the remainder when 8682 is divided by 1084.
10
Calculate the remainder when 54864 is divided by 337.
270
Calculate the remainder when 133834 is divided by 70.
64
Calculate the remainder when 2428 is divided by 1688.
740
Calculate the remainder when 77831 is divided by 47.
46
Calculate the remainder when 404 is divided by 378.
26
What is the remainder when 141 is divided by 121?
20
Calculate the remainder when 123922 is divided by 43.
39
What is the remainder when 3422 is divided by 1739?
1683
What is the remainder when 137032 is divided by 10535?
77
Calculate the remainder when 36795 is divided by 149.
141
What is the remainder when 6057 is divided by 2015?
12
Calculate the remainder when 19987 is divided by 160.
147
What is the remainder when 2567 is divided by 112?
103
What is the remainder when 8707 is divided by 283?
217
Calculate the remainder when 1054 is divided by 137.
95
What is the remainder when 28076 is divided by 49?
48
What is the remainder when 35575 is divided by 201?
199
Calculate the remainder when 6489 is divided by 808.
25
Calculate the remainder when 14219 is divided by 10.
9
Calculate the remainder when 2140 is divided by 108.
88
What is the remainder when 139174 is divided by 28?
14
What is the remainder when 4906 is divided by 4896?
10
Calculate the remainder when 246227 is divided by 8.
3
What is the remainder when 140361 is divided by 335?
331
What is the remainder when 17454 is divided by 20?
14
What is the remainder when 12759 is divided by 216?
15
Calculate the remainder when 156019 is divided by 31203.
4
Calculate the remainder when 604401 is divided by 412.
409
What is the remainder when 50932 is divided by 7275?
7
Calculate the remainder when 2282 is divided by 1706.
576
Calculate the remainder when 686076 is divided by 9.
6
What is the remainder when 7550 is divided by 2506?
32
What is the remainder when 2749 is divided by 606?
325
What is the remainder when 424564 is divided by 618?
616
Calculate the remainder when 12501 is divided by 62